nd c.
13
Suppose 0 = -13*l + 11*l - 90. Let y be (-282)/(-4)*(-3)/(l/10). What is the highest common divisor of y and 141?
47
Let g be (-328)/32*4*-1. Suppose -3*k + g = 2*f, -3*k - 3*f + 70 = 2*k. Suppose -2*o + 238 = -0*o. Calculate the highest common divisor of k and o.
17
Let r = -542 + 569. Let q(t) be the third derivative of -t**4/8 + t**3/2 + t**2. Let h be q(-5). Calculate the greatest common factor of h and r.
9
Let u be (-4 + 25)/(9/(-12)). Let v be (6 + 1)/((-2)/u). Let c be v/8 - (-1)/(-4). What is the greatest common divisor of c and 18?
6
Let w(h) = 9*h**2 - 160*h - 24. Let d be w(18). What is the greatest common factor of 33 and d?
3
Let f = -122 - -125. Suppose -f*a + 215 = 4*z, -z - 4*a + 52 = 8. Calculate the greatest common factor of 8 and z.
8
Let q be (-3)/2*60/(-18). Suppose 2*m + 2*v + 35 = 5*m, q*v = -4*m + 39. Calculate the highest common divisor of m and 44.
11
Suppose 0 = -2*m + 8, -5*m + 95 = i + 56. What is the highest common divisor of 608 and i?
19
Suppose -5*l + 130 = -5*y - 585, 3*y = 6. Calculate the highest common divisor of l and 5.
5
Let r be 15/(-10) - 1610/(-20). Calculate the highest common factor of 1422 and r.
79
Suppose 2*m - 196 = -5*v + 98, 5*v - 5*m - 315 = 0. Calculate the highest common factor of v and 270.
30
Suppose -64 = -4*k + 68. Suppose -36 - k = -m + 2*h, 3*m - 219 = 2*h. What is the highest common factor of m and 30?
15
Let w = -16 - -64. Let c(d) = -5*d + 25. Let u be c(4). Suppose 6*i - 6 = u*i. What is the greatest common factor of w and i?
6
Let i = 36 - 51. Suppose 19*b - 25 = -196. Let w = b - i. What is the highest common divisor of 9 and w?
3
Let x be 76/(-874) - 4972/(-46). What is the highest common factor of x and 4?
4
Suppose 4*r - 4 = 2*r - 2*m, 0 = 3*m. Suppose 3*k + 20 = -k, -4*j + r*k = -14. What is the highest common divisor of j and 1?
1
Let u(k) = -k**3 - 4*k**2 + 5. Let d be (-2)/(-4) - (-18)/4. Let v be (2/d)/((-7)/70). Let w be u(v). What is the highest common factor of 5 and w?
5
Let i = 725 + -701. Suppose -5*x + 5*w = 10, -3*w = -0 - 6. Let h be (2 - (x - 10))*14. What is the greatest common divisor of i and h?
24
Let p(r) = -3*r + 26. Let d = -6 + 12. Let y be p(d). Calculate the greatest common divisor of 16 and y.
8
Let m(n) = n**3 - 6*n**2 + 4*n - 7. Let i(h) = h + 5. Let g be i(0). Let v be m(g). Let f = 19 + v. What is the greatest common factor of 21 and f?
7
Let c = 5 + -1. Suppose -4*l - l = 0. Suppose -11 = -q + c*i + 9, -4*q - 4*i = l. What is the highest common factor of q and 4?
4
Suppose -2520 = -20*w - 0*w. Calculate the highest common divisor of w and 182.
14
Let x be (-27)/6*(48/(-9) + 4). Calculate the greatest common divisor of x and 78.
6
Suppose p = 3*i + 45, 3*p + 14 = 4*i + 134. Calculate the greatest common factor of p and 27.
9
Suppose 164 = -7*p + 668. What is the highest common divisor of 96 and p?
24
Let f(l) = 5 + 0*l**2 + 3*l + 0*l**2 + l**2. Let w be f(-2). Let c(p) = p**2 + p - 4. Let b be c(w). What is the greatest common factor of b and 1?
1
Suppose -2*i - 9 = -w - 0*w, 5*w - 57 = -2*i. Let k be (6*-33*12/216)/(2/(-6)). Calculate the greatest common factor of w and k.
11
Let s = 166 - 154. Let q = 13 - 1. Calculate the greatest common divisor of s and q.
12
Let u = 22 - 18. Let c be 4 + 106/u - (-3)/(-2). What is the highest common divisor of 58 and c?
29
Let b(t) = -t**3 + 14*t**2 - 21*t - 22. Let l be b(10). Let u = -40 + 64. Calculate the greatest common factor of u and l.
24
Suppose -11*l + l = -40. Let d be 22*(l/(-2) + (-10 - -13)). What is the highest common factor of d and 11?
11
Suppose 1619 - 3313 = -7*d. What is the greatest common factor of 4 and d?
2
Let z be (-12)/36 - (-3845)/15. Calculate the highest common factor of z and 16.
16
Let o(n) = -3*n - 15. Let v be o(-5). Let h(c) = -c**2 - 2*c + 2. Let y be h(v). Suppose -2 = 2*b - 6. What is the highest common divisor of b and y?
2
Suppose -2*b + 5*b = -3*m + 168, 0 = -3*m + 2*b + 143. Let l be m/(2 + 5/(-10)). Calculate the highest common factor of 17 and l.
17
Let w(p) = 4*p**2 + 53. Let i be w(-4). What is the highest common divisor of i and 18?
9
Suppose -121 = 70*s - 71*s. What is the highest common divisor of s and 55?
11
Suppose -68*p + 72*p + 3*c - 1 = 0, 0 = 4*p + 4*c. Calculate the greatest common divisor of 92 and p.
1
Let w be -62 + 89 + 13/1. Calculate the greatest common divisor of w and 1500.
20
Let x be (-2 + 10)/((-2)/8). Let n = x - -53. Calculate the greatest common factor of n and 21.
21
Suppose 4*i - 4*n - 180 = 0, 3*i + 2*n = 8*i - 228. What is the greatest common factor of i and 207?
23
Let v be (-1)/(-5) + 3510/75. Let d = 139 - v. Calculate the highest common factor of d and 23.
23
Let g be 152/78 - (-190)/3705. What is the greatest common divisor of 17 and g?
1
Let v(m) be the second derivative of 0 + m**2 - 1/2*m**4 + 1/20*m**5 - 10*m + 7/6*m**3. Let u be v(5). Calculate the highest common divisor of u and 24.
12
Suppose 2684 = 9*b + 983. What is the highest common divisor of b and 81?
27
Let i be (8 + -9)/((-3)/60). Suppose 1198 - 98 = 5*x. Calculate the greatest common divisor of i and x.
20
Suppose 0 = 4*l + 3*p - 31, 3*p + 8 = l + 4*p. What is the greatest common factor of l and 161?
7
Let a = 209 + -107. Let x = -76 + a. Calculate the highest common factor of x and 182.
26
Suppose i + 5*k - 2 = 0, 3*i - 52 = i + 2*k. Let u = 21 - 31. Let b be (-56 + 1)*10/u. What is the greatest common divisor of i and b?
11
Let f be 52 + (-5 - (-6 - -5)). Let z(k) = -k**2 + 6*k - 3. Let r be z(3). Calculate the highest common divisor of f and r.
6
Suppose 0*z = 4*s - 5*z + 7, -5*z + 13 = -s. Let o(i) = -i**3 - 4*i**s + 5 + 9*i + 0*i + 3 - 2. Let b be o(-6). Calculate the highest common divisor of b and 6.
6
Suppose -4*h = -s - 471 + 95, 4*s = 5*h - 459. Suppose 0 = 2*x - 5 - 71. Calculate the highest common divisor of x and h.
19
Suppose -604 = -2*m + 170. What is the highest common factor of m and 86?
43
Let k be -10*(2 - (7 - -4)). What is the greatest common factor of k and 225?
45
Let j(t) = -t**2 + t + 2. Let s be j(3). Let d = 8 + s. Suppose -8 - d = -h. What is the greatest common divisor of h and 48?
12
Let n = 229 - 163. What is the greatest common factor of n and 30?
6
Let c(u) = -3*u**2 - 113*u + 88. Let h be c(-38). Calculate the highest common divisor of 1700 and h.
50
Let g = 53 + -65. Let z be 0 + 129/9 - (-4)/g. Calculate the greatest common divisor of 2 and z.
2
Let s be (-621)/(-15)*5*1. Let r be (-1 - s/(-12))*8. Suppose 0 = 441*j - 455*j + 364. Calculate the greatest common factor of r and j.
26
Let o = -279 + 438. Suppose -5*u = 29 - o. Calculate the highest common factor of 117 and u.
13
Let y = -5 - -324. Let s = 94 - 65. What is the greatest common factor of s and y?
29
Let s(r) = 149*r + 990. Let x be s(-6). Calculate the greatest common divisor of 36 and x.
12
Suppose 257*v - 260*v + 513 = 0. What is the greatest common divisor of v and 95?
19
Suppose 0 = -16*u + 15*u + 2*d, 2*d = 2*u - 2. What is the greatest common factor of 7 and u?
1
Suppose 2*c - 66 = 5*v, 6*v + 16 = 2*v. Let y = c + -9. Suppose -2*p + 52 = -60. Calculate the greatest common factor of y and p.
14
Let h(t) = t**3 + 10*t**2 + 7*t - 6. Let l = -26 - -17. Let m be h(l). Calculate the highest common divisor of 12 and m.
12
Suppose 3*r = 7*r - 532. Let h = r - 61. Let u be (-5)/(-20) - (-62)/8. Calculate the highest common divisor of h and u.
8
Suppose -o + 30 + 0 = 0. What is the highest common divisor of o and 45?
15
Let l be 121 - (18/6 - 4). Let i = l - 118. Let k = 4 - -32. Calculate the greatest common factor of k and i.
4
Let k be 2/(-4)*0/(-6). Suppose k = 3*h + h. Suppose 0*d = 2*w + 5*d - 685, h = -2*w - 4*d + 680. Calculate the greatest common divisor of 30 and w.
30
Suppose -28 = 32*a - 34*a. Suppose -5*h + a = -61. Let d be (-538)/(-4) + 1/2. Calculate the highest common divisor of d and h.
15
Let w be (-3)/(2*(-9)/12). Suppose 0 = d - w*d + 8. Suppose 11 = c - 3*z - 14, -3*c - 5*z + 145 = 0. What is the greatest common factor of c and d?
8
Let l be (14/7)/(4*4/1624). Calculate the greatest common factor of 87 and l.
29
Let y be 789/12 - 3/(-12). Suppose 33 = d - 2*u, -5*d - 3*u = -2*d - 54. Let a = d + 21. What is the highest common factor of